+ 2. Let g(c) = 0*c - 5*c + 5*c + 2*c + 3. Let s be g(-1). List the prime factors of p(s).
53
Suppose 22*y = 5*y + 5*y + 39936. List the prime factors of y.
2, 13
Let m(f) = -f**3 + 21*f**2 + 48*f + 5. Let s be m(20). Suppose -s - 1204 = -7*g. List the prime factors of g.
367
Let u = -242 + 44. Let h = 350 + u. List the prime factors of h.
2, 19
Let i = 80 + -67. Suppose -100 = 18*w - i*w. Let h = 62 + w. List the prime factors of h.
2, 3, 7
Suppose -318 + 322 = 2*r, -4*h + 4*r = -27740. What are the prime factors of h?
7, 991
Suppose 57*z = 1227 - 9093. List the prime factors of 1743/(-42)*1/(3/z).
23, 83
Suppose 0 = 3*k - 4*p + 10, 2*p + 4 = 3*p. Suppose -r - k*i = -0*r - 181, 0 = -r - 4*i + 175. List the prime factors of r.
11, 17
Suppose 168 = 15*j - 462. Suppose -1234 = -t + 5*o, 2486 = 2*t - 2*o + j. What are the prime factors of t?
23, 53
Let o be (3 - 48/40)/((-3)/10). Let f = o + 1226. What are the prime factors of f?
2, 5, 61
Let o be 1176/72 + (6/9 - 2). Suppose -11513 + 2498 = -o*a. List the prime factors of a.
601
Suppose -2*c - 6*f + 81204 = -2*f, c - 40609 = 5*f. List the prime factors of c.
2, 10151
Let s(j) = -3*j - 16. Let w be s(-6). Suppose w*q = 3*q - 4. Let d = 26 - q. List the prime factors of d.
2, 11
What are the prime factors of ((-98)/14 - -2380)/((-2)/(-18))?
3, 7, 113
Suppose -q - 7 = -t, q + 4 = -0. Suppose 5*p - 22 = -l, 5 = 3*p - 5*l + t. Suppose 5*d - p*d = 95. List the prime factors of d.
5, 19
List the prime factors of ((-212)/(-10))/(62/21080).
2, 17, 53
What are the prime factors of 5 + (-1 - -18) + 43430?
2, 3, 17, 71
Suppose -4*h = -i - 14374, -38*h = -34*h - 3*i - 14378. What are the prime factors of h?
3593
Suppose m - 26 = -3*x, 4*m - 9 = -3*x + 14. Suppose -2*s = 2*d - 1872, -x*s + 14*s = 3*d + 4712. List the prime factors of s.
2, 5, 47
Suppose 50*m = 51*m - 3*n - 19788, -3*n = 12. What are the prime factors of m?
2, 3, 103
Let w(v) = 43*v**2 + 41*v + 10. Let b(x) = 21*x**2 + 21*x + 5. Let d(t) = 5*b(t) - 2*w(t). List the prime factors of d(-5).
5, 73
Suppose 3*m - 26 = -20. List the prime factors of ((-72)/(-63))/(m/329).
2, 47
Suppose -9*d - 4 = -11*d. Suppose 9*q - d*f + 474 = 10*q, -3*q + 2*f = -1414. What are the prime factors of q?
2, 59
Suppose -20*t + 30 = -10. Suppose t*h = 346 + 654. What are the prime factors of h?
2, 5
Let n be 445/4 + 2/(-8). Let p be (1 - 642/9)*(6 - 9). Let y = p - n. What are the prime factors of y?
2, 5
What are the prime factors of 7/((-2031913)/88348 + 23)?
2, 1699
Let t be 15*(132/75 - -1)*10. Let q = t - 330. What are the prime factors of q?
2, 3, 7
Let z(s) = -3*s. Let m be z(2). Suppose 3*b = 18*b - 45. List the prime factors of 100 + -1 + (m/b)/(-2).
2, 5
What are the prime factors of (-300278)/(-4)*(-1280)/(-1408)?
5, 13649
Suppose 2*o - 4*o - 2*u - 6 = 0, 0 = -2*u - 6. Suppose -2*x + 100 = -6*x - r, o = 2*r - 8. What are the prime factors of (-42)/(-56) - x/8*5?
17
Suppose -2*k = -6*k. Suppose k = -2*g + 8*g - 24. Suppose -i - 201 = -v - 3*i, -g*v = 2*i - 810. What are the prime factors of v?
7, 29
Let n(a) = -11*a + 2. Let f be n(-4). Suppose 5*g - f = -3*s + g, 5*g = s + 10. Suppose 688 = s*u + 228. What are the prime factors of u?
2, 23
Suppose 3*w - 2*t + 0*t = 37, t + 25 = 2*w. Suppose -w*l = -10*l + 621. Let i = 353 + l. What are the prime factors of i?
2, 73
Let u be 7/(-3) + (-13)/(-39) + 54. Let s = -47 + u. What are the prime factors of (9 + -1)*(76/8 + s)?
2, 29
Let q = 120 - 116. Let o(r) = 287*r + 66. What are the prime factors of o(q)?
2, 607
Let o = 327 - 481. Let p = o - -391. List the prime factors of p.
3, 79
Let x = 3490 - 2527. What are the prime factors of x?
3, 107
Let v(s) = -s**3 - 42*s**2 + 25*s + 766. List the prime factors of v(-43).
2, 5, 7, 11
Let a = 59 + -54. Suppose -4*h + 2*i - 1 + 11 = 0, a*h = 4*i + 14. Suppose 3*c - d + 114 = 7*c, -33 = -c + h*d. List the prime factors of c.
29
Suppose 20*a = 11*a - 135. Let i(s) = -15 + 16*s**2 + 0*s + 5*s**3 - 2*s - 4*s**3. List the prime factors of i(a).
2, 3, 5
Let k(h) = 46*h - 10. Let d(t) = 231*t - 51. Let q(p) = 5*d(p) - 24*k(p). What are the prime factors of q(4)?
3, 7
Let b(o) be the first derivative of o**5/30 + o**4/2 + o**3/2 + 7*o**2/2 - 3. Let u(p) be the second derivative of b(p). What are the prime factors of u(-10)?
83
Suppose 13*n + 30 = 23*n. Let u(q) = 144*q**2 - 13*q + 36. List the prime factors of u(n).
3, 431
Let n(a) = a**3 - a**2 + 2*a - 4. Let j be n(2). Suppose -s + 2*l = 7*l - 19, -j*s + 3*l = -7. What are the prime factors of 15/((-270)/(-4468)) - s/18?
2, 31
Let f(t) = 12*t + 7. Let z be -9*-3*(-4)/(-36). Suppose -z*l + 0*l + 18 = 0. What are the prime factors of f(l)?
79
Suppose -4*x + 5*m - 26 = 0, 1 = 4*x - m + 19. Let y be (14 - -5 - 0) + (-2 - 5). What are the prime factors of (x*y/40)/((-1)/105)?
2, 3, 7
Let l(s) be the third derivative of s**5/60 - 7*s**4/24 + s**3 - 10*s**2. Let y be l(3). Let q(a) = -a**3 - 3*a**2 + a. List the prime factors of q(y).
2, 3, 17
List the prime factors of 920/15*(-42540)/(-80).
2, 23, 709
Let o = 3097 + 563. List the prime factors of o.
2, 3, 5, 61
Let z(l) = 6*l**2 + 18*l + 90. Let r be z(-9). Suppose 72*t = 66*t + r. List the prime factors of t.
3, 23
List the prime factors of (-573 - -551) + 69342/2.
34649
Let n be (4548 + 6 - 1) + 5. Suppose 11*h - n + 1456 = 0. What are the prime factors of h?
2, 3, 47
Let z(b) be the second derivative of 11*b**3/6 - 55*b**2/2 - 3271*b. Let f be 0 - (1 + -7*3). List the prime factors of z(f).
3, 5, 11
List the prime factors of 2/13 - (-20 - 4897104/312).
2, 3929
Let i = -53 + 58. Let c(s) = -i + s - 13 + 21. List the prime factors of c(14).
17
Let j = -77 + 156. Let r be (4/10)/(1/355). Let i = r + j. List the prime factors of i.
13, 17
Suppose -4*h + 4*n + 260 = 0, -2*h = 4*n - 36 - 88. Suppose -3*a + 29 + 28 = 5*f, 2*f = 5*a - h. Let c = a + 17. List the prime factors of c.
31
Let x = -26 + 29. Suppose 5*v = 5*y + 335, -4*v + x*y + 276 = y. Suppose -2*c - 3*c + g = -173, g + v = 2*c. List the prime factors of c.
2, 17
Let m(a) = 24*a**2 + 97*a - 23. Let o(h) = -12*h**2 - 48*h + 11. Let x(i) = 3*m(i) + 5*o(i). What are the prime factors of x(7)?
7, 19
Let l = 103 + -92. What are the prime factors of (l + -22)/((-4)/12)?
3, 11
List the prime factors of ((-50385)/25)/(0 + 0 - (-4)/(-60)).
3, 3359
Let q = 263 + -259. List the prime factors of 3418/19 - q/(-38).
2, 3, 5
Suppose -3*z + 62 = r, 0 = 5*z - 4*r - 79 - 30. What are the prime factors of 14/z*(-1686)/(-4)?
281
Suppose 72*q - 28827 = 69*q. What are the prime factors of q?
3, 3203
Suppose 469 = -2*j + 3*p, -p + 41 - 506 = 2*j. What are the prime factors of 8/(-2) - (1 + 0)*j?
229
Suppose -10 = -9*a + 4*a. Let m(t) = -2*t + 354*t**2 - 355*t**a - 9 - 6*t. What are the prime factors of m(-6)?
3
Let d(p) be the third derivative of p**5/30 + 7*p**4/12 + 11*p**3 + 297*p**2. List the prime factors of d(-16).
2, 3, 59
List the prime factors of 5*(-26)/(-325)*40255.
2, 83, 97
Let m(y) be the first derivative of 37*y**2/2 + 25*y + 2. What are the prime factors of m(12)?
7, 67
Suppose -5*f - 133 = 67. Let t = 278 - f. List the prime factors of t.
2, 3, 53
Suppose x + 4*d - 522 = 0, -4*d - 3216 = -14*x + 8*x. List the prime factors of x.
2, 3, 89
Let u = 2867 + 6473. What are the prime factors of u?
2, 5, 467
Let x(m) = 360*m + 555. List the prime factors of x(15).
3, 5, 397
Suppose 0 = -242*i + 243*i - 4*n - 55799, -2*i + 4*n = -111602. What are the prime factors of i?
3, 11, 19, 89
Let h(l) be the third derivative of 10*l**2 - 13/24*l**4 + 0*l + 0 - 15/2*l**3. What are the prime factors of h(-10)?
5, 17
Let w(m) = -m**3 - m**2 - 3. Let d be (-484)/(-110) + 2/(-5). Suppose -d = -69*n + 70*n. List the prime factors of w(n).
3, 5
Let z(v) = -7*v - 5. Let p = -33 - -34. Let i be z(p). List the prime factors of (18/i)/((-9)/624).
2, 13
Let s(r) = -r**2 - 19*r + 92. Let g be s(-23). Suppose g = -0*x - 12*x + 9840. What are the prime factors of x?
2, 5, 41
Let o be 378/10 - 1/(-5). Suppose -8*j = -4*a - 3*j - 44, -5*a + 2*j = o. List the prime factors of (-6)/(((-1)/18)/((-10)/a)).
2, 3, 5
Suppose -3135*k + 3146*k = 164010. List the prime factors of k.
2, 3, 5, 7, 71
Suppose -5*v + 24 = -m, -2*v - 16*m = -14*m - 12. Suppose 4*q + 858 = v*h,